 x and 21?
3
Let b be 946/8 - 1/4. Let d = 75 - 7. Let x = b - d. What is the greatest common divisor of 10 and x?
10
Suppose -q = -4*m - 21, 15 = q - 0*q - 2*m. Calculate the highest common divisor of 72 and q.
9
Let n(f) = f**2 + 7*f + 12. Let g be n(-7). Calculate the greatest common divisor of g and 12.
12
Suppose -25 = -4*z - 0*n - n, 0 = z - 5*n - 22. Let u = 638 - 610. What is the highest common divisor of z and u?
7
Let a(c) = 22*c**2 - 1. Let m(l) = -l**2. Let r be m(0). Let v = -1 - r. Let s be a(v). What is the highest common factor of 14 and s?
7
Let w be (3*-6)/((-1)/2). Let o = 2 + 25. Let g be o + (-3)/(-3)*-3. What is the highest common factor of w and g?
12
Suppose 4*w - 1 = 395. Suppose -149 = -5*u - 2*k + 99, k = -2*u + w. What is the greatest common divisor of u and 25?
25
Let a = 4 - -18. Calculate the greatest common factor of a and 33.
11
Let f be 2 + -1 + 2 + 2. Suppose -39*g = -43*g. Suppose g = -0*s + f*s - 35. Calculate the greatest common factor of 7 and s.
7
Suppose -3*s + 70 = -32. Suppose -7 = -i - 4*c + 11, -4*i + 3*c + s = 0. What is the highest common factor of 60 and i?
10
Let c = -3 + 7. Suppose -4*u + 2*r + 668 = -0*r, -c*r + 479 = 3*u. Calculate the greatest common divisor of u and 15.
15
Let v(k) = k**2 + 3 + 0*k + 6*k - 1 + 1. Let r be v(-7). Calculate the highest common factor of 10 and r.
10
Let r = 1 - -5. Calculate the highest common factor of r and 30.
6
Suppose 0 = 5*j + 5*k - 30, -3*j + 2*k = -3*k - 2. Suppose -j*b + 24 = -5*v - 13, 5*b - 25 = 2*v. What is the greatest common divisor of 27 and b?
3
Let j = -73 + 107. Calculate the highest common divisor of j and 17.
17
Suppose 10 - 35 = 5*h. Let j be h/1*(-3)/3. Calculate the highest common factor of j and 20.
5
Suppose 85 = 4*f + 49. Calculate the greatest common divisor of 36 and f.
9
Let k = -1 + 1. Suppose 4*d = -z + 16, -5*z + 15 + 5 = k. Suppose 0 = -4*q - 5*p + 9 + 10, 4*p = d*q - 22. What is the highest common factor of q and 54?
6
Let j be 823/11 - (3 + (-35)/11). Let n = 5 + 10. Calculate the highest common factor of j and n.
15
Let a(l) be the first derivative of l**3/3 - l**2 + 297*l + 6. Let c be a(0). Calculate the highest common divisor of c and 27.
27
Let n(p) = 50*p**2 - 1. Let j be 1 + 0 + (3 - 5). Let z be n(j). What is the highest common factor of z and 7?
7
Let z be 4/14 + 7542/63. Calculate the highest common divisor of z and 40.
40
Let f be (-1)/(5/20) + 60. Let x = -211 - -295. What is the highest common divisor of f and x?
28
Suppose 3*p - 2 = 4*x + p, -2*x = 3*p - 19. Suppose -4*g - g + x*o + 165 = 0, -5*o - 99 = -3*g. Calculate the highest common divisor of g and 22.
11
Let s = -83 - -51. Let c = 13 - s. What is the greatest common factor of 15 and c?
15
Let r be 236 - (3 - 5)/(-1). Suppose 0 = 4*g - g - r. What is the greatest common factor of g and 13?
13
Let c(d) = d**3 + 6*d**2 - 6*d - 5. Let o be c(-5). Suppose 0 = 2*v + 4*z - o, 2*v - z - 15 = 2*z. Calculate the greatest common divisor of v and 15.
15
Let a(t) = -3*t**3 + 2*t**2 - 2*t - 2. Suppose -7 + 3 = 2*l. Let b be a(l). Suppose b = 4*g - 14. What is the greatest common factor of 4 and g?
4
Suppose 3*o + 380 = 8*o. What is the greatest common factor of o and 38?
38
Suppose -14 = 7*x - 9*x. Calculate the greatest common factor of x and 63.
7
Let f be (-1)/(((-2)/(-6))/((-80)/8)). Calculate the highest common factor of 270 and f.
30
Let r(h) = -h**2 + 10*h - 8. Let w(n) = -n**3 + 11*n**2 - 8*n - 12. Let o be w(10). Let a be r(o). Calculate the greatest common divisor of 56 and a.
8
Suppose -79*q + 84*q - 350 = 0. Calculate the highest common divisor of 175 and q.
35
Let h(r) = r + 13. Let a be h(-11). Let t(g) = g**3 - 3*g**2 + g - 2. Let f be t(4). What is the highest common divisor of a and f?
2
Let r be -3*(3 - 6) - 2. Let j = 158 - -227. Suppose p - j = -4*p. Calculate the greatest common divisor of p and r.
7
Let b be ((-12)/5)/((-32)/1200). Calculate the greatest common divisor of b and 36.
18
Let x = -195 + 197. What is the highest common divisor of x and 14?
2
Let m(f) = 2*f**2 + 2*f. Suppose -2*i + 2 = 10. Let d be m(i). What is the greatest common factor of d and 16?
8
Let b(i) = -6*i - 44. Let d be b(-20). Calculate the highest common factor of 114 and d.
38
Let q be -2 + 1/2*6. Let k be (-1 + 0)*q/(-1). What is the highest common factor of 3 and k?
1
Let c be ((-39)/2)/(186/(-24) + 7). Calculate the greatest common factor of 52 and c.
26
Let v = -67 + 43. Let k be (-37)/(-4) + 6/v. Calculate the greatest common divisor of 9 and k.
9
Suppose b + 24 = 4*b. Suppose 0 = 4*y - 2*y - b. Suppose 2*p - m = 68, 8 = m + m. Calculate the highest common factor of p and y.
4
Let o(c) = -c**2 + c + 2. Let j be o(0). Suppose 3*h + 28 = j*n + h, 2*h = -2*n + 20. Let m be -6*(-9 - -4) + 0. What is the highest common divisor of n and m?
6
Let f be 1 - (-1 - (0 - 1)). Let h be (-7 - (f + 0))/(-2). Suppose -2*x - 5*t = -41, t - 5 = -h. What is the greatest common divisor of x and 162?
18
Let d = -157 + 313. Let r = d + -96. Suppose -c + 2*l + 0*l + 12 = 0, -r = -5*c + 4*l. What is the highest common divisor of 132 and c?
12
Let v(u) = -u**3 + 8*u**2 - 7*u + 9. Let t = -6 + 13. Let c be v(t). What is the highest common factor of c and 27?
9
Let z(a) = 2*a**2 - 3*a + 2. Let k be z(2). Calculate the greatest common factor of k and 4.
4
Let d(q) = -q**3 + 3*q**2 + 3*q - 6. Let n be d(4). Let c be 6/15 + (-266)/n. What is the greatest common factor of 18 and c?
9
Let w(f) = -2*f - 3. Let p be w(-3). Let g = -16 - -63. Suppose 7 = p*s - g. What is the greatest common factor of 36 and s?
18
Let p be (-2)/((-2)/6*2). Suppose 0 = -h + 3*k + 14, 2*h + 142 = 7*h + p*k. What is the highest common factor of h and 39?
13
Let w = -30 + 52. Let z(p) = -p + 1. Let r(n) = 2*n + 6. Let i(d) = r(d) + 3*z(d). Let y be i(7). Calculate the highest common factor of w and y.
2
Let a(g) = g**2 - 4*g + 3. Let t be a(4). Suppose t*b = -5*r + 29, 3*r = -2*b + 3*b + 9. Let n = 4 + r. What is the highest common divisor of 64 and n?
8
Let a = 22 + -14. Suppose -4*y + 151 = -4*x - 85, 4*x - 340 = -5*y. What is the highest common divisor of a and y?
8
Let i = -12 - -17. Suppose 0 = 5*z - 67 - 208. Calculate the highest common divisor of z and i.
5
Suppose 0*g - 22 = -f - 2*g, 0 = -3*f - 3*g + 57. Let h = -8 + f. Let o be 2/h + 126/8. What is the greatest common factor of 8 and o?
8
Suppose 5*u - 4*z = 230, 0*u + 5*z + 109 = 2*u. Suppose 14 = -2*s + u. What is the highest common factor of 28 and s?
14
Let x(y) = -3*y**3 - 2*y**2 + 2*y - 1. Let i be x(1). Let n = 8 + i. Let b(f) = -f**2 + 4*f + 3. Let z be b(n). Calculate the greatest common factor of 1 and z.
1
Suppose 3*b - 228 = 4*f, 15 = 5*f - 0*f. Calculate the highest common factor of b and 20.
20
Let y be 48/20 + 2/(-5). Suppose 350 = y*c + 3*c. Let r be (-14)/(-8)*(-8)/(-1). What is the greatest common factor of c and r?
14
Let y = 1 - 1. Suppose y*d + d = 306. Suppose 0 = 3*r - 5*r + d. Calculate the greatest common factor of r and 17.
17
Let k be 4/10 - 664/10. Let g be 7/(-14) - k/4. Let t = -132 + 212. Calculate the highest common factor of g and t.
16
Let u(k) = -32*k + 5. Let l be u(-2). Suppose 5*v + 2*r = 66, -r = 5*v + 2*r - l. What is the highest common factor of v and 4?
4
Let h be ((-6)/(-4))/(6/40). Let l(c) = h*c**2 + 2*c**3 + 2*c - c**3 - 5*c**2 - 4. Let r be l(-3). What is the highest common divisor of 64 and r?
8
Let h be 1/2*(4 - -6). Let m = 70 + -15. Calculate the highest common factor of h and m.
5
Suppose 3*i + 5*n = 55, -4*n = -8*i + 5*i + 64. Calculate the greatest common factor of 30 and i.
10
Let w be (-19)/(-3) + (-1)/3. Let v be 399/18 + (-1)/w. Suppose -26 = -4*a + v. What is the highest common factor of 36 and a?
12
Let z(k) = k**2 + 3*k + 5. Let x be z(-4). What is the greatest common divisor of x and 9?
9
Suppose 44 = 3*g + 5*i, 22 = g + i - 3*i. Suppose 24 = 2*z + 6. Calculate the highest common factor of z and g.
9
Let s be (-5)/((-5)/(-2)) - -8. Let y(q) = -q**2 + 8*q - 3. Let w be y(s). Calculate the highest common factor of w and 1.
1
Suppose -3 = 4*l - 59. Let n be 14/(-49) + 116/l. Calculate the greatest common divisor of n and 4.
4
Let g = 6 - 2. Let c(x) = x**2 - 8*x - 10. Let l be c(9). Let n be (-1 -